58. Calculate p(-1).
5
Let h(x) = -3*x**2 + 272*x - 3501. What is h(15)?
-96
Let b(m) = m**3 - 1135*m**2 - 107745*m + 147965. Determine b(1223).
-18
Let g(x) = 51270*x + 9792587. Give g(-191).
17
Let i(v) = 9*v**2 - 10545*v - 372645. What is i(1206)?
9
Let g(l) = -1094*l - 72218. What is g(-66)?
-14
Let g(b) = -3*b**3 + 14*b**2 + 62*b - 89. Determine g(7).
2
Let d(m) = -3959*m + 27504. Determine d(7).
-209
Let l(x) = -50*x**2 + 12*x + 399. Determine l(0).
399
Let u(c) = 3*c**2 - 1558*c + 82703. What is u(60)?
23
Let g(p) = p**3 - 2*p**2 + 80*p + 411. Calculate g(-4).
-5
Let d(g) = -145*g**2 - 1011*g + 72. Give d(-9).
-2574
Let d(g) = 7512*g - 82579. Determine d(11).
53
Let g(d) = -4*d**2 + 249*d - 2750. Calculate g(48).
-14
Let t(v) = 16491*v + 3430138. Determine t(-208).
10
Let r(h) = 2*h**3 + 28*h**2 + 85*h + 13. What is r(-10)?
-37
Let g(p) = -6*p**3 + 509*p**2 + 34*p + 4373. What is g(85)?
38
Let b(d) = 2*d**2 + 1799*d - 53849. Calculate b(29).
4
Let f(d) = -22*d**2 + 856*d - 3065. Give f(4).
7
Let p(x) = -4*x**2 - 528*x - 17091. What is p(-57)?
9
Let o(h) = 6706*h + 147428. What is o(-22)?
-104
Let j(h) = -h**2 + 19006*h + 285308. Determine j(-15).
-7
Let s(m) = 21319*m - 1428314. Calculate s(67).
59
Let h(i) = 264207*i + 2906275. Determine h(-11).
-2
Let p(c) = 4*c**3 + 36*c**2 + 16*c + 423. Determine p(-11).
-721
Let m(c) = 33*c - 7482. Determine m(229).
75
Let v(w) = 3*w**2 - 70*w - 1604. Calculate v(35).
-379
Let x(b) = -1930880*b - 17377937. What is x(-9)?
-17
Let f(y) = -16*y**2 - 32831*y - 261627. Determine f(-8).
-3
Let t(s) = 1090*s - 102405. Give t(94).
55
Let f(h) = 2*h**3 - 55*h**2 - 116*h + 1218. Determine f(28).
-1246
Let c(m) = -14*m + 1366. Calculate c(97).
8
Let g(a) = 3*a**2 + 341*a - 1792. Give g(5).
-12
Let s(j) = -5*j**3 + 69*j**2 - 84*j + 405. Determine s(13).
-11
Let x(w) = -w**2 + 212*w - 8832. Give x(57).
3
Let m(f) = -34*f**2 + 2602*f + 55837. Determine m(94).
1
Let x(u) = -115*u**3 + 13*u**2 - 2*u - 11. Calculate x(1).
-115
Let p(m) = 4*m**3 - 27*m**2 + 30*m - 256. What is p(7)?
3
Let v(x) = -x**3 + 64*x**2 - 986*x - 63. What is v(26)?
-11
Let l(g) = 19*g - 174. Give l(-9).
-345
Let j(z) = z**3 + 91*z**2 - 1217*z + 2219. What is j(-103)?
262
Let a(k) = -k**2 + 2074*k - 41069. Calculate a(20).
11
Let d(x) = x**3 - 82*x**2 - 1538*x + 95957. Calculate d(87).
-4
Let d(q) = 1259*q + 20468. Give d(-16).
324
Let a(p) = -117084*p - 6556706. Calculate a(-56).
-2
Let f(w) = -284*w**3 - 53677*w**2 - 188*w + 189. Calculate f(-189).
0
Let a(p) = 178*p**2 + 5409*p + 29164. Calculate a(-7).
23
Let a(r) = -104*r**2 - 552*r + 28. What is a(-5)?
188
Let m(x) = -492*x**2 - 1465*x + 35. Determine m(-3).
2
Let m(q) = 2*q**3 - 57*q**2 - 21*q - 247. What is m(29)?
-15
Let x(a) = 48*a**2 + 627*a + 10. What is x(-14)?
640
Let n(q) = 220394*q - 9697341. Give n(44).
-5
Let g(a) = -a**3 + 376*a**2 + 3256*a - 220209. Give g(383).
16
Let q(h) = -28*h**2 - 758*h - 3387. Give q(-21).
183
Let o(a) = -627*a**2 + 7552*a - 304. Determine o(12).
32
Let f(w) = -32635*w - 424250. Give f(-13).
5
Let a(n) = n**3 - 14*n**2 + 114*n - 305. What is a(5)?
40
Let r(o) = -7719*o - 92607. Determine r(-12).
21
Let w(z) = -84*z - 1806. Calculate w(-25).
294
Let x(p) = 2*p**2 + 4825*p - 231199. Give x(47).
-6
Let t(w) = 3887*w + 91680. Determine t(-24).
-1608
Let l(f) = 2*f**3 - 18*f**2 - 91*f + 418. What is l(13)?
587
Let t(g) = 46899*g - 234477. Calculate t(5).
18
Let i(q) = -739404*q**2 + 1478806*q. Give i(2).
-4
Let k(b) = b**3 + 11*b**2 + 4373*b + 21780. Determine k(-5).
65
Let o(g) = -g**3 - 89*g**2 - 555*g + 1597. Calculate o(-82).
39
Let h(f) = f**3 - f**2 - 312*f - 1912. Calculate h(-12).
-40
Let b(z) = 2*z**2 - 214*z + 3427. Determine b(88).
83
Let s(j) = 127417*j + 891885. What is s(-7)?
-34
Let g(k) = 8*k**3 + 16*k**2 + 25*k - 31. Give g(0).
-31
Let r(v) = -7*v**2 + 1627*v + 35335. Give r(-20).
-5
Let f(i) = -11*i**2 - 232*i - 404. What is f(-2)?
16
Let z(s) = 478*s + 22946. What is z(-48)?
2
Let j(s) = -6*s**3 - 14*s**2 + 2083*s - 6176. Determine j(3).
-215
Let j(f) = -198*f**2 - 749*f + 131. Give j(-4).
-41
Let z(j) = 269*j - 87. Give z(3).
720
Let i(h) = 185*h - 5734. What is i(31)?
1
Let c(o) = -403*o**2 - 72*o - 156. Give c(-2).
-1624
Let d(j) = -5*j**3 - 217*j**2 - 73*j - 13. Calculate d(-43).
-572
Let h(q) = 134104*q - 2816191. Calculate h(21).
-7
Let i(c) = -c**3 + 120*c**2 + 20109*c + 1503. What is i(214)?
5
Let q(v) = -2*v**3 + 566*v**2 + 156*v - 44142. What is q(283)?
6
Let b(i) = -i**3 + 2*i**2 + 556*i + 2132. What is b(-4)?
4
Let k(d) = 2091*d + 1177229. What is k(-563)?
-4
Let o(n) = 135*n**2 + 34*n + 8. Calculate o(2).
616
Let d(u) = -38581*u + 694275. Determine d(18).
-183
Let q(y) = 56*y**2 - 3131*y - 208. Calculate q(56).
72
Let b(r) = 18*r**3 - 699*r**2 + 570*r - 6. Give b(38).
-6
Let n(q) = -13560*q + 325468. What is n(24)?
28
Let o(w) = 2*w**3 + 119*w**2 + 659*w - 347. Determine o(-7).
185
Let f(y) = 837922*y + 11730904. Determine f(-14).
-4
Let x(n) = 4*n**2 - 168*n - 3483. Determine x(58).
229
Let y(r) = 2*r**2 - 11441*r - 3197321. What is y(-267)?
4
Let z(n) = n**3 + 328*n**2 - 12309*n - 300. Determine z(-362).
62
Let g(f) = -419*f**2 + 6757*f - 861. Give g(16).
-13
Let g(s) = -160*s**2 + 23201*s - 158. What is g(145)?
-13
Let i(k) = 2*k - 70. What is i(-7)?
-84
Let w(p) = -2130*p - 19066. Give w(-9).
104
Let w(l) = 109*l + 438. Determine w(-16).
-1306
Let k(y) = -53*y - 6499. Give k(-123).
20
Let j(s) = 25*s**2 + 24*s - 916. Determine j(6).
128
Let v(d) = -10*d**2 - 5085*d - 111660. Give v(-23).
5
Let h(l) = 3479*l - 1819529. Calculate h(523).
-12
Let k(o) = 15*o**3 - 28*o**2 - 48*o + 417. Determine k(6).
2361
Let g(y) = -y**2 - 8003*y + 56086. Calculate g(7).
16
Let m(f) = 39*f**2 + 181*f + 225. Give m(-6).
543
Let m(c) = -8*c**3 - 25*c**2 + 69*c + 36. Determine m(3).
-198
Let k(s) = 6*s**2 + 5362*s + 590580. Give k(-765).
0
Let s(v) = 271*v**3 - 2988*v**2 + 72*v + 32. What is s(11)?
-23
Let p(f) = 2*f**3 + 12*f**2 - 53*f - 263. What is p(-4)?
13
Let f(u) = -2*u**2 + 679*u - 38377. Calculate f(70).
-647
Let i(g) = -g**3 + 51*g**2 - 79*g - 15. Calculate i(50).
-1465
Let h(w) = -742*w - 79326. Determine h(-107).
68
Let r(y) = 51*y**3 - 2299*y**2 + 126*y + 41. Calculate r(45).
-2389
Let t(d) = -7*d**2 + 51525*d + 206105. Determine t(-4).
-107
Let r(o) = -137366*o - 7005644. Calculate r(-51).
22
Let w(t) = t**2 + 27859*t - 83576. Determine w(3).
10
Let l(k) = -22*k**2 + 238*k + 6893. Give l(-18).
-4519
Let s(q) = 9*q**3 + 51*q**2 - 395*q - 53. Calculate s(-10).
-3
Let s(y) = -259*y**2 - 40*y - 93. Give s(-2).
-1049
Let z(m) = 2*m**3 - 654*m**2 + 1912*m + 10365. Determine z(324).
-3
Let r(w) = 23879*w + 3199790. Determine r(-134).
4
Let w(h) = h**2 - 1919*h - 141280. Determine w(-71).
10
Let x(f) = -5819*f + 296738. Determine x(51).
-31
Let j(r) = 112*r**2 - 2660*r + 15661. What is j(13)?
9
Let n(p) = -17485*p + 87469. Give n(5).
44
Let t(k) = -k**3 + 97*k**2 - 479*k + 1812. Calculate t(92).
64
Let d(k) = -52628*k + 52606. What is d(1)?
-22
Let m(v) = 2328*v + 339839. Calculate m(-146).
-49
Let n(l) = -l**2 + 551*l + 9756. Give n(-17).
100
Let a(i) = i**3 + 237*i**2 - 887*i - 321. What is a(4)?
-13
Let i(l) = -l**3 - 55*l**2 + 617*l - 27. Determine i(-65).
2118
Let o(q) = 187*q**2 - 123*q + 8. Determine o(1).
72
Let q(m) = -133*m**2 + 530*m - 2. Calculate q(4).
-10
Let d(u) = 8*u**3 + 4*u**2 + 746*u - 749. Determine d(1).
9
Let j(w) = 1167561*w - 3502715. Give j(3).
-32
Let v(n) = -n**3 + 159*n**2 - 928*n + 61. Give v(6).
1
Let d(z) = -4*z**2 - 208*z + 1846. Give d(9).
-350
Let f(c) = 1347*c + 42306. Determine f(-32).
-798
Let g(p) = 404*p**2 + 31108*p + 22. Give g(-77).
22
Let q(l) = 2*l**3 + 19*l**2 - 2055*l - 14540. Give q(-7).
90
Let l(m) = -27545*m + 192810. Give l(7).
-5
Let o(j) = j**2 - 11373*j + 90910. Give o(8).
-10
Let k(n) = 71*n**2 + 26763*n + 25255. Give k(-376).
63
Let k(v) = -607*v - 11281. Calculate k(-26).
4501
Let f(l) = -l**3 + 571*l**2 - 4683*l + 1424. Give f(8).
-8
Let q(f) = 7*f**2 + 1917*f + 9515. Determine q(-5).
105
Let m(d) = d**3 - 17*d**2 + 24*d + 370. Calculate m(8).
-14
Let m(q) = 91*q**3 - q**2 + 910*q + 1824. Determine m(-2).
-728
Let u(o) = o**3 + 5*o**2 - 1339*o - 9275. Determine u(-7).
0
Le